he tens digit of n?
0
Let w be ((-2)/3)/(10/(-255)). Let m = w - 12. Let d = m + 0. What is the units digit of d?
5
Suppose 3*j + 2*x = 4, 5*j - 2*x + 0*x + 20 = 0. Let v = j + 9. What is the units digit of v?
7
Let u = 21 - 12. Let t = 9 - u. Suppose t = -2*l - 3*j + 16, -4*l + 3*j = -8*l + 32. What is the units digit of l?
8
Let l(q) be the first derivative of q**2/2 - 5*q - 2. Let d be l(6). What is the units digit of 3 + 1 - (1 + d)?
2
Suppose 4 = -2*o - 0*o. Let r be (-6 - -1)/(o/2). Suppose r*g = 4*g + 3. What is the units digit of g?
3
Let w = 24 - -48. Suppose 5*l + 93 = -w. Let m = 47 + l. What is the units digit of m?
4
Let u = -4 + 6. Suppose -u = -5*j + 18. Suppose 60 = 5*n + 2*y, 0*n + 2*y = -j*n + 48. What is the units digit of n?
2
Suppose -3*r = -7*r + 28. Let h(o) = -o**2 + 13*o + 11. Let m be h(14). Let a = r - m. What is the units digit of a?
0
Let j(y) = 7*y - 6. Let o be j(-6). Let l = o - -73. What is the units digit of l?
5
Suppose u = 3*s - 25, u + 3 + 24 = 5*s. What is the units digit of 600/33 + 4/u?
8
Let v(d) = d**2 + 15*d + 14. What is the tens digit of v(-15)?
1
Let z be (-11 - 0)/(6 + -5). Let m = z - -4. Let a = 3 - m. What is the tens digit of a?
1
Let g = 29 - 27. Let q be 627/27 - 2/9. Let i = q - g. What is the units digit of i?
1
Let s = -8 + 6. What is the units digit of 18*(-3 + (-7)/s)?
9
Suppose 5*u = 3 + 12. Suppose -2*s = u*s - 135. Suppose 2*o - s = -o. What is the units digit of o?
9
Let v = -19 - -19. Suppose s - 1 + v = 0. What is the units digit of s?
1
Let y = 5 - 10. Let i = y + 17. Let l = 17 - i. What is the units digit of l?
5
Suppose 16 = -4*i - 2*s, i = 2*s - 0*s + 1. Let j = 3 - i. What is the units digit of j?
6
Suppose -2*k - 8 = -0*k. Let o = k - -13. What is the units digit of o?
9
Suppose o + 6 = 4*o. Suppose 2*b - 4 = -0*b - 4*i, 4*b - 5*i = 8. Let v = o + b. What is the units digit of v?
4
Suppose -2*b + 12 = -0. What is the units digit of (-6 - b/(-2)) + 55?
2
Let d be ((-8)/(-12))/((-4)/(-6)). Let k(c) = 4*c**2 + c. Let x be k(d). Suppose -24 = -x*g + 46. What is the tens digit of g?
1
Let j(q) = q**3 + 10*q**2 + 3*q - 12. What is the units digit of j(-9)?
2
Let i(q) = 9 + 2*q - q + 0. Let k be i(-9). Suppose k*a = a + d - 3, -18 = -a + 2*d. What is the units digit of a?
8
Let c = 14 + 1. Suppose 0 = -0*b + 3*b - c. What is the units digit of b?
5
Let v(f) = -f. Let u(o) = -o**2 + 8*o + 7. Let j(z) = u(z) - 5*v(z). What is the tens digit of j(11)?
2
Let l = 14 + -7. What is the units digit of l?
7
Suppose 4*q - 5 + 1 = 0. Suppose -q = b - 8. What is the units digit of b?
7
Let p(z) = -2*z - 4. Let x be p(-4). Let g = -3 + x. Suppose s + g = 5. What is the units digit of s?
4
Let c(x) = 5*x**2 + 4*x + 8. What is the hundreds digit of c(5)?
1
What is the hundreds digit of (4 - 2)/(-3 + 1) - -191?
1
Suppose 3*h - 761 = -2*x, h + h = -x + 507. What is the tens digit of h?
5
Let i(y) = 23*y - 32. What is the hundreds digit of i(9)?
1
Let n(p) = 2*p + 12. What is the tens digit of n(4)?
2
Suppose 0 = 5*s - s - d - 198, 246 = 5*s - 2*d. What is the tens digit of s?
5
Let w(h) = -h**3 - 4*h**2 + 7*h - 7. What is the tens digit of w(-6)?
2
Suppose -5*r + 2*w + 966 = 0, -12*w = -15*w + 6. What is the units digit of r?
4
Let l(u) = u + 9. Suppose 16 = -4*h - 0*h. Let v be l(h). Suppose -v*o = -4*o - 5. What is the units digit of o?
5
Suppose 5*w - 2 = 8. Suppose -4*q - 30 = -5*i + 3*i, -4*q - 10 = w*i. What is the units digit of i?
5
Let p be 3/5 + 274/10. Let w be 24/2*21/p. What is the units digit of 4/(-18) - (-65)/w?
7
Let p(s) = -2*s + 36. What is the units digit of p(-7)?
0
Suppose -6*r + 24 = -2*r. What is the units digit of (9 - 12)/(r/(-46))?
3
What is the tens digit of ((-2)/5*21)/((-2)/10)?
4
Let w = 131 + -90. What is the units digit of w?
1
Let q = 95 - 68. What is the tens digit of q/6*(-80)/(-15)?
2
Let t be (-35)/2*32/20. Suppose 86 = 3*k - k. Let g = k + t. What is the tens digit of g?
1
Let z = 7 + -3. Suppose 13 + 44 = z*v - 5*p, 2*v = -5*p + 51. What is the tens digit of v?
1
Suppose -5*z + 321 = 5*r - 4*r, 4*r - 324 = -5*z. What is the units digit of z?
4
Let y(n) = -n**3 - 7*n**2 - 8*n - 4. What is the units digit of y(-7)?
2
Let g = 98 - 55. What is the units digit of g?
3
Let q(a) = -a**3 - a**2 + 13. Let m(o) = -o**2 + 6*o - 5. Suppose -3 = s, u - 2*s = -3*s + 2. Let y be m(u). What is the units digit of q(y)?
3
Let s(d) = 8*d + 0*d**2 + d**2 - 7 + 0*d**2. Let n be (-9)/4*8/2. What is the units digit of s(n)?
2
Let c(o) = o**3 - 3*o**2 + 5. What is the units digit of c(4)?
1
Suppose c - t = 6*c - 75, 75 = 5*c + 4*t. Let n = c + -10. What is the units digit of n?
5
Suppose 20 = 5*t + 5. Let r(y) = 5*y - 2. What is the tens digit of r(t)?
1
Let n(o) = -o - 1. Let i be n(-3). Let a(f) = 1 + 0*f**2 - 2 + 3*f + f**i. What is the units digit of a(-4)?
3
Let m(d) = 11*d - 7. Let o(z) = 33*z - 20. Let y(c) = -11*m(c) + 4*o(c). What is the tens digit of y(2)?
1
What is the units digit of (0 - -1 - -1)*25?
0
Let w be (-2)/(-3)*(-3)/(-2). Suppose 0 = y - 0 - 1. What is the units digit of 1*(y/w + 1)?
2
Let y(t) = -t**3 + 3*t**2 - 3*t - 1. What is the units digit of y(-3)?
2
Suppose 2*u + 2 = 0, n - 1 = 2*u - 3*u. Suppose 5*i - 32 = -5*f + 28, 4*i = -n*f + 52. What is the tens digit of i?
1
Let i = 9 - 6. Suppose -a = -i*a + 90. What is the tens digit of a?
4
Let m(q) = q**2 - 2*q - 4. What is the units digit of m(-4)?
0
Suppose 5*k - 15 = -0*k. Suppose 2 - 9 = i - 4*u, -4*u + 11 = k*i. Let w = 2 - i. What is the units digit of w?
1
Let t(w) = -w + 15. Let x(l) = -l + 1. Let j(k) = t(k) - 2*x(k). Let v be (-1)/(-3)*(-9 - -9). What is the tens digit of j(v)?
1
Suppose l - 7 = -0*t - 2*t, 0 = 3*l - 3*t - 3. Suppose l*x - x = -10. Let k = 0 - x. What is the units digit of k?
5
Suppose -w + 4*h = -h - 189, -2*h = 5*w - 945. What is the tens digit of w?
8
Suppose 3*i + m + m = 0, i - m = 5. Suppose 3*z - t - 7 = 0, -i*t = -0*t - 4. Suppose z*r + 2*n = 8, -2 = n - 0. What is the units digit of r?
4
Suppose -3*x - 2*x = 0. Suppose 15*n - 13*n - 32 = x. What is the units digit of n?
6
Let z = 6 + -3. Suppose -z*i + 78 = 2*n, -3*i - 29 - 73 = -3*n. What is the units digit of n?
6
Suppose -3*l + 164 = -133. What is the tens digit of l?
9
What is the tens digit of (-2)/6 - 1265/(-33)?
3
Suppose 258 = 3*h - 3*z, -4*h + 2*z + 330 = 5*z. What is the units digit of h?
4
Let f(w) = 14*w - 1. Let g be f(-2). Let l = -20 - g. What is the units digit of l?
9
Suppose -8 = -5*y - 5*z + 7, -5*y = -2*z + 6. Suppose y*j - 185 = -5*j. What is the units digit of j?
7
Let w(u) = 4*u + 1. What is the units digit of w(7)?
9
What is the units digit of ((-6)/(-4))/((-3)/(-42))?
1
Suppose -2*a + 2 = -2. Suppose a*c + 10 = 7*c. Suppose 4*g + c - 14 = 0. What is the units digit of g?
3
Let y = 33 + -17. Let a = -10 + y. What is the units digit of (a - 1) + (-6)/(-2)?
8
Let z(l) = l**3 + 4*l**2 + l + 2. What is the units digit of z(-3)?
8
Let r(m) = -m**2 + 5*m - 3. Let f be r(5). Let g = 0 - f. Suppose 3*w - 27 + g = 0. What is the units digit of w?
8
Let q = 5 + 2. Let i(k) = -k + 10. Let v be i(q). Suppose -v*c = r - c + 3, 21 = 5*r + c. What is the units digit of r?
5
Let f(g) = -g**2 + 14*g + 16. What is the units digit of f(14)?
6
Let n(t) = 2*t**2 - 13*t + 3. What is the tens digit of n(9)?
4
Let q(s) = s**2 - s + 2. Let j be q(2). Let v = j + -1. Suppose v*i = -0 + 27. What is the units digit of i?
9
Let i be 2/4 - (-472)/16. What is the tens digit of (i/(-12))/(2/(-44))?
5
Let x(j) = -105*j**3 - 2*j - 1. Let y be x(-1). Suppose -2*t = 24 - y. What is the units digit of t?
1
Suppose -4*l - 3 = -111. What is the tens digit of l?
2
Suppose 6*i = 4*i + 768. What is the tens digit of i?
8
Let t(q) = q**3 - 6*q**2 + 7*q - 6. Let v be t(5). Suppose v*b = -2*p + 5*p + 74, -p = 2. What is the tens digit of b?
1
Let u(g) = g**2 - 2*g + 1. Let i be u(-2). Let k = i - 2. Let a = 22 - k. What is the tens digit of a?
1
Suppose 0 = 2*i - 0*i. Let v be (9 - (4 - 2)) + i. Let j = v + -4. What is the units digit of j?
3
Let j = 25 - -53. What is the units digit of j?
8
Suppose 4*m - 91 = 89. What is the units digit of m?
5
Let h(z) = 2*z**2 - 9*z + 12. What is the units digit of h(5)?
7
Let t(r) be the first derivat